t b(s) be the second derivative of s**4/24 - 3*s**2/2 + s. Let n(w) be the first derivative of b(w). Calculate n(-5).
-5
Let i(v) be the second derivative of -v**5/40 - v**4/4 + v**3/2 + v. Let m(l) be the second derivative of i(l). Calculate m(-4).
6
Let p(z) = -z**3 + 3*z**2 + 3*z + 2. Let r(h) = -6*h**3 + 15*h**2 + 15*h + 9. Let n(u) = 11*p(u) - 2*r(u). Calculate n(-3).
-5
Let p(i) = -3*i**2 - 4*i + 5. Let u(n) = -n**2 - n + 1. Let a(j) = p(j) - 4*u(j). Let h(w) = w**3 + w**2 + 7. Let k(l) = -6*a(l) + h(l). Calculate k(5).
1
Let z(f) = -f**2 + 5*f - 2. Let g be z(3). Let b(u) = 3*u**2 - 6*u - 3. Let q(o) = -2*o**2 + 5*o + 3. Let s(c) = g*q(c) + 3*b(c). What is s(-2)?
3
Suppose 4*c - 3*o = -14, 2*o = c + 3*c + 16. Let x(r) = -r - 5. What is x(c)?
0
Let o(b) = -b - 2. Suppose 5*r - j - 10 = 4*j, -4*r + 2*j = -16. What is o(r)?
-8
Let q(p) be the second derivative of p**3/3 + 4*p**2 + 26*p. Calculate q(-7).
-6
Let v(p) be the first derivative of -p**2 - p + 42. Let f = 0 - 0. Let c be 2 + (-1 - (f - 0)). Determine v(c).
-3
Let p = -1 + -4. Let g(r) be the third derivative of 5/6*r**3 + 5*r**2 + 1/24*r**4 + 0 + 0*r. Determine g(p).
0
Let h(k) be the second derivative of k**4/24 + k**3/3 + k**2/2 - k. Let b(p) be the first derivative of h(p). Give b(-6).
-4
Let d(m) be the third derivative of m**5/120 + m**3/6 + 3*m**2. Let t(l) be the first derivative of d(l). What is t(5)?
5
Let b(h) be the third derivative of 0*h - 1/30*h**5 - 1/24*h**4 - h**2 + 0*h**3 - 7/120*h**6 + 0. What is b(-1)?
6
Let f(s) be the third derivative of 0 + 0*s - 1/4*s**4 - 1/60*s**5 + 1/6*s**3 + s**2. Let p(y) = 6*y. Let v be p(-1). What is f(v)?
1
Let q(c) be the second derivative of -c**3/6 + c**2/2 + 2*c. Suppose -2*t + 4*t = 4. Calculate q(t).
-1
Let a(k) = -k**2 - k + 5. Let b be 26/(-91) - (66/14 + -1). Calculate a(b).
-7
Suppose 4*v + 5*t = 3 + 2, -2*v + 5 = 5*t. Suppose -f - 4 = -9. Let k(c) = 2 - c**3 + 12*c - 8*c + 2 - f*c. Determine k(v).
4
Suppose 0 = -12*b + 11*b - 5. Let v(c) = -2*c - 3. What is v(b)?
7
Let d(z) = -2*z**2 - 2. Let w be 22/(-99) - (-32)/(-18). What is d(w)?
-10
Let g(j) = -j**3 + 3*j**2 - j + 2. Suppose -3*c + 0 = -6. What is g(c)?
4
Let f(v) = 4*v - 2*v - 3*v. Let g = -1 + 3. Suppose 9 = -g*u + 3. Give f(u).
3
Let w(o) be the third derivative of o**4/24 - o**3/2 - 4*o**2. Calculate w(4).
1
Suppose 4*l = -2*q - 10, -4*q + 4*l + 21 = -7. Let n(u) = -u**q + 4 + 8*u + 4 + 0*u**2 - u**2 - 4*u**2. Give n(-6).
-4
Suppose -3*v = -2*h + 4, -5*h + 44 = -0*v + v. Let l(g) = g**2 - 8*g - 5. Determine l(h).
-5
Let r(o) = -4*o**3 + 13*o**2 + 4*o - 6. Let h(j) = 7*j**3 - 23*j**2 - 9*j + 11. Let f(u) = 3*h(u) + 5*r(u). Let g be 32/6 - 2/6. Determine f(g).
-7
Let u be 1 + 0 - -1 - -1. Suppose -4*q = 2*a + 6, -4*a + u = -a. Let j(z) = -3 - z + 1 + 4. Calculate j(q).
4
Suppose -10*a = -15*a + 45. Suppose a = -2*k + 17. Let m(l) = -2*l + 1. What is m(k)?
-7
Let i(o) be the first derivative of -o**2 - 2*o + 7. Let a(n) = 3*n + 1. Let u(v) = 3*a(v) + 4*i(v). Determine u(6).
1
Let c(f) = -23*f - 3*f**3 + 8*f**2 - 1 + 22*f - 9*f**2. Suppose -4*d + 2 = 2*h, 0*h - 10 = -5*d - 5*h. Determine c(d).
2
Let s(t) = t + 1. Let r be (2/(-4))/(-2 - (-75)/36). Calculate s(r).
-5
Let f(t) be the third derivative of -t**5/60 + t**4/12 - t**3/6 + 6*t**2. Give f(1).
0
Let a be 1/(3/5) - (-92)/(-12). Let r(q) = q + 2. What is r(a)?
-4
Let k(i) = -i + 7 + 1 + 3*i - 3. Give k(-6).
-7
Suppose 0 = 2*s + 2*g - 22, -2*g = g - 9. Let u(t) = t**3 - 9*t**2 + 7*t + 3. Let k be u(s). Let o(d) = -d**2 - 3*d + 7. What is o(k)?
-3
Let x(h) = -1 - 94*h - 98*h + 188*h. What is x(-3)?
11
Suppose j = 6*j. Suppose -7*p + 2*p - 4*y + 4 = j, 0 = -2*y - 8. Let c(f) = -f**2 + f + 5. Give c(p).
-7
Let r(a) be the third derivative of a**7/1680 - a**5/30 - 2*a**2. Let t(h) be the third derivative of r(h). Let s be (-2)/(3 + -1) + -1. Give t(s).
-6
Let o be (1/(-1))/((-4)/32). Suppose 3*l = o - 2. Let q(b) = 6*b + 2. Determine q(l).
14
Suppose 0*p - 5*y - 17 = -p, 1 = 2*p + y. Suppose -20 = -3*k + 4*k + 4*z, -k - p*z = 12. Let g(a) = 2*a - 1. What is g(k)?
-9
Let c be 2/(-5) - 33/5. Let n = -5 - c. Suppose n*v = -0*v + 4. Let i(l) = l**2 - 3*l - 2. What is i(v)?
-4
Let a(r) be the second derivative of -1/2*r**2 - 7/6*r**3 + 0 - 2*r. Suppose -5 = 3*o + 2*o. What is a(o)?
6
Let d(a) = a**2 + 4*a + 9. Let u be (-1*1/2)/((-46)/(-552)). Calculate d(u).
21
Let s(h) be the first derivative of 7*h**2/2 - 33. Give s(-3).
-21
Let w(a) = 3*a**3 + a**2 - 1. Suppose -4*h + 0*d + 20 = 4*d, d - 3 = h. Determine w(h).
3
Suppose v = -3*w + 11, 5*w - 20 = v - 3*v. Let m(i) = i**3 - 1. Let f be (-6 - -5) + 2*1. Let z(r) = 4*r**2 + 4*r + 4. Let u(t) = f*m(t) - z(t). What is u(v)?
0
Let r(c) = 2*c - 6. Let f be 7 + -4 - (1 - 2). Suppose 3*u = f + 14. Calculate r(u).
6
Let l(v) = 6*v - 11*v + 2*v - 4 + 5*v. Calculate l(6).
8
Let c(j) = 2*j**3 + 2*j**2 - j. Suppose o = -4*o - 10. Determine c(o).
-6
Let f be 0 - 0 - (-8 - -3). Let t(a) = 1 + 0*a**3 - 5 - 2*a**3 + 5*a + a**3 + f*a**2. Give t(6).
-10
Let u(z) be the third derivative of -z**5/60 + 7*z**4/24 - z**3/2 - 170*z**2. Suppose 0 = 4*n - 3*t - 7, -31 - 1 = -5*n - 4*t. Calculate u(n).
9
Let z(t) = -t**3 - 6*t**2 - 3*t - 72. Let v be z(-7). Let p(m) be the first derivative of m**4/4 + m**3/3 - 3*m**2/2 - 3*m - 1. What is p(v)?
-1
Suppose 3*h + 49 = -5*n + 21, 0 = 3*h + 4*n + 23. Let k(g) = -g + 22*g**2 - 3 + 2 - 26*g**2. Determine k(h).
-4
Let z(a) = 7*a - 13. Let r(u) = -4*u + 7. Let s(q) = -11*r(q) - 6*z(q). Suppose -5*b = -5 - 10. Calculate s(b).
7
Let w(c) = 17*c**2 - 9*c - 9. Let n(p) = -9*p**2 + 5*p + 5. Let u(b) = -11*n(b) - 6*w(b). Give u(-2).
-11
Let l(q) be the first derivative of -q**3/3 - 4*q - 8. Calculate l(0).
-4
Let r(s) = s + 1. Let x be ((-5)/(-4))/((-1)/(-4)). Suppose -v = -0 - x. What is r(v)?
6
Suppose -4*x + 2 = -14. Suppose -4*k = -12 + 4. Suppose -k*t + 8 = x. Let j(s) = s**2 - s + 1. What is j(t)?
3
Suppose -o - 39 + 12 = -5*v, 2*v - o = 12. Let t(d) = -2 - 1 + d - 1. Determine t(v).
1
Let h(r) be the second derivative of -r**4/12 + r**3/6 + r**2 + 7*r. Calculate h(2).
0
Let i(k) = -5 + k**2 - 27*k + 31*k + 4 - 4*k**2 + k**3. Give i(3).
11
Suppose 7*z = 2*z - 20. Let m(i) = -3 - 2*i + 3 + 6*i + 6. Give m(z).
-10
Let n(g) = -g**3 + 7*g**2 - 7*g + 9. Let k be -8 + (2 - 5)/(-3). Let l = -1 - k. What is n(l)?
3
Let g(y) = 1 - y + 4*y - 4*y. Let t(m) = -8*m + 7. Let o(b) = 4*g(b) - t(b). Let v be (-1 + -2)/(6/(-4)). Determine o(v).
5
Let h(q) = 2*q - 1782 + q**2 + 2*q + 1783. Give h(-4).
1
Let q(a) = -4*a + 2 + 3*a + 2*a. Let r = 1 + 2. Suppose 0 = 3*j - r*t - 3, 0*j - 4 = -j + 4*t. Calculate q(j).
2
Let x(q) = -q**2 + q - 3. Suppose 3*t = 3*b - 15, 3*b + 2*t + 3 = -2*b. Let j be 10*(b + 21/(-15)). Let w = 4 + j. What is x(w)?
-3
Let d(q) = -3*q**3 - 8*q**2 - 5*q + 1. Let g(n) = 4*n**3 + 12*n**2 + 7*n - 2. Let x(l) = -7*d(l) - 5*g(l). Let j = 47 - 44. Calculate x(j).
-6
Suppose 5*i = -20, 7 = p - 2*p - 3*i. Suppose -x + 0*x + 8 = -2*k, p*x - 27 = -3*k. Let d(l) = -l**2 + x + 3 - 5. What is d(0)?
4
Suppose 0 = -5*w + 15 + 25. Let o(d) = 2*d**2 - 4*d - 3. Let n(j) = 5*j**2 - 12*j - 8. Let z(y) = w*o(y) - 3*n(y). Let x = 2 + -5. Give z(x).
-3
Let z(u) = u**2 - 2*u. Let y be z(3). Let r be (-1 + 0)*(y - 2). Let v(k) = 9*k**3 - 2*k**2 - 2*k - 1. What is v(r)?
-10
Let s(p) be the second derivative of p**5/5 - p**4/12 + p**3/3 - p**2/2 + 18*p. Suppose -3*t = -4 + 1. Let o = t + 0. What is s(o)?
4
Let q(h) be the first derivative of -h**3/3 + 2*h**2 + 5*h - 23. Give q(5).
0
Suppose -2*i + 1 = -5*x, -5*i + 4*i = x - 4. Let f(c) = -c**2 + 2*c - 3. Determine f(i).
-6
Let o be 1/2 + 27/6. Let a(u) = u**3 - 4*u**2 - 4*u + 1. Give a(o).
6
Let j(q) = 0*q**3 + q**2 + 3 + 3*q**2 + 0*q**2 - q - q**3. What is j(4)?
-1
Let h(d) be the first derivative of 7*d**4/2 - d**3/3 + 22. Calculate h(-1).
-15
Let f = -6 + 9. Let p be 0*f/9 + 2. Let g(t) be the third derivative of -t**6/60 + t**5/30 + t**4/24 + t**2. Calculate g(p).
-6
Suppose -3*t = b - 4*t + 5, 4*b = -5*t + 25. Suppose 3*s + 9 = -b*s. Let w(g) = -g**2 - 2*g + 2. Calculate w(s).
-1
Suppose r = 4*r - 4*o - 25, -o - 25 = -2*r. Let v = r + -11. Let h(l) be the third derivative of -l**4/24 + 7*l**3/6 - l**2. Determine h(v)